2137 - 1436. Suppose -m = 15*j - 4586. What is the highest common factor of j and 14?
7
Let t(h) = h**3 + 82*h**2 + h + 211. Let z be t(-82). What is the greatest common divisor of z and 21?
3
Let a(f) = -201*f + 2049. Let o be a(10). What is the greatest common factor of o and 1599?
39
Let s be (-9)/(-6)*2 + 267. Let u(f) = -2*f**3 - 15*f**2 + 5*f + 30. Let m be u(-8). Calculate the highest common factor of s and m.
54
Suppose -324 = -101*d + 83*d. What is the greatest common divisor of d and 54?
18
Let v be ((-30)/(-195) - 50/(-13))*(-3120)/(-48). Let g(y) = 4*y**2 + 4*y + 4. Let l be g(-4). Calculate the greatest common factor of v and l.
52
Let q(o) = -5*o + 7. Let i be q(-5). Let x = 65 + -56. Let z = x - 5. Calculate the highest common factor of i and z.
4
Let b = 99 + -94. Suppose b*p - 850 = 200. What is the highest common factor of 84 and p?
42
Suppose 0*w - 8*w + 2391 + 241 = 0. Calculate the greatest common factor of 2914 and w.
47
Let r(g) = 70*g - 16. Let w be r(3). Let t = -54 + w. What is the highest common factor of 28 and t?
28
Suppose 21*y = -1667 + 24305. Let l be 98/441 + y/9. Let j = 43 + -31. What is the highest common divisor of l and j?
12
Suppose -6*f + 8*f = 4. Suppose w - 9 = -2*w, -2*w - 256 = -f*o. Suppose h + 3*v - 37 = 0, -5*h + 2*h - 4*v = -o. What is the greatest common factor of h and 7?
7
Let b be 218/4 - 1071/(-714). Calculate the greatest common divisor of b and 1036.
28
Let w be ((-22)/10 - 1)*7905/42*-7. Calculate the greatest common factor of w and 744.
248
Let n(d) = 456*d**2 - 1392*d. Let w be n(4). What is the greatest common factor of 162 and w?
54
Suppose 2*w + 110 = 10*a - 8*a, -w - 279 = -5*a. Calculate the greatest common factor of a and 1372.
28
Suppose -25*p + 267 = -983. Let k be (3 - -1)/((-8)/(-16)). Let d = 18 - k. What is the greatest common factor of p and d?
10
Let b(i) = -2*i**3 - 31*i**2 + 68*i - 65. Let u be b(-19). What is the greatest common divisor of 12 and u?
6
Let p(r) = -47*r - 10. Let i be p(-10). Let t = -190 + i. Calculate the greatest common divisor of t and 10.
10
Let p be (-4)/(-1) + (-4)/4. Let r = -136 + 138. Let s(k) = 3*k**2 + 13*k - 23. Let o be s(r). Calculate the highest common factor of p and o.
3
Suppose -2*t + 19*l = 15*l + 16, -4*t = -3*l + 12. Let y(p) = -p**2 + 25*p + 160. Let m be y(t). Calculate the greatest common factor of m and 10.
10
Let h(p) = 154*p - 2462. Let k be h(23). Calculate the highest common factor of k and 1410.
30
Suppose 5*w = -h + 79, -468*h + 18 = -471*h. Let k be (-24)/32 + (-887)/(-4). What is the highest common factor of w and k?
17
Let x be (14 + -5 - 5) + -3 + 94 + 5. What is the highest common divisor of x and 100?
100
Let w = 84 + -83. Let t be (196/(-35))/(w/(-25)*2). Calculate the highest common factor of 10 and t.
10
Let h = 26633 + -26561. Suppose -29 = -4*p - k, -p - 11 = -2*p + k. What is the highest common divisor of p and h?
8
Let u = 23 + 12. Let j = u + -30. Let p(k) = k**2 - 7*k - 3. Let q be p(9). What is the greatest common factor of j and q?
5
Let z(q) = -3*q**2 - 83*q + 15. Let w(f) = -4*f**2 - 85*f + 15. Let n(y) = 5*w(y) - 4*z(y). Let k be n(-9). Calculate the greatest common factor of k and 24.
12
Let k = -116 + 123. Suppose 295*n - 300*n = -4340. What is the greatest common factor of k and n?
7
Suppose 0 = 9*b - 5 - 13. Suppose -b*f + 11 = 11. Suppose f = 8*p + 5 - 61. What is the greatest common divisor of p and 1?
1
Suppose 5*g = 5*w - 0*g + 1685, 2*g = 0. Let m = w - -407. What is the greatest common divisor of 40 and m?
10
Let k(l) = 20*l**2 + 2*l - 5. Let a be k(7). Suppose y + 22 = j, 124 = -604*j + 609*j + 9*y. Calculate the greatest common factor of j and a.
23
Let t(i) = i**2 - 4*i - 24. Let b be t(7). Let r be (b - (-189)/35)/(4/230). What is the highest common factor of r and 6?
6
Suppose 7956 = 42*f - 6*f. What is the highest common divisor of 117 and f?
13
Suppose -33*l = -28*l - 730. Let w = l - 131. Calculate the greatest common divisor of 405 and w.
15
Suppose -2*u = -2*v - 492, -u + 3*v = 5*v - 252. Suppose -2958*y + 3130*y - 15996 = 0. What is the greatest common factor of u and y?
31
Suppose -13*q + 8*q = -q - 11776. What is the highest common factor of 460 and q?
92
Let u = -61 + 87. Let y = -9 + u. Let h = 87 - y. What is the greatest common divisor of 28 and h?
14
Suppose 84 = 4*q - 84. Calculate the greatest common factor of 1022 and q.
14
Let y(r) = 3*r**2 + 1. Let b be y(3). Suppose 160865*c = 160799*c + 53592. What is the greatest common divisor of c and b?
28
Let b = -1557 + 1625. Calculate the highest common factor of b and 2176.
68
Let k(o) = 164*o - 5548. Let a be k(36). What is the highest common factor of a and 5785?
89
Let k(d) be the third derivative of 7*d**5/30 + d**4/3 + d**3/2 - 2*d**2 - 4*d. Let v be k(-2). What is the highest common divisor of v and 43?
43
Suppose -7*h = -5*h + 24. Let i be ((-49)/(-1))/((-6)/h) + 1. Let s = i - 63. Calculate the greatest common factor of 252 and s.
36
Let o(h) = 2*h**3 + 63*h**2 + 24*h - 91. Let w be o(-31). Calculate the highest common factor of 981 and w.
9
Let d = -106 - -357. Suppose h - 2*q = 263, h = -11*q + 7*q + d. Calculate the greatest common divisor of h and 14.
7
Let c(i) = 13*i - 204. Let f be c(12). Let x be -1*5 - (-48 - f) - -221. Calculate the highest common divisor of x and 24.
24
Let p(o) = 35*o**2 + 7*o + 1. Let s be p(4). Suppose 0 = -x - 2*x + 5*g + s, -4*x = g - 816. Let f = 504 - 475. Calculate the highest common divisor of x and f.
29
Let w(h) = -49*h + 61. Let p be w(1). Suppose -4*s + 24 = 2*s. Calculate the greatest common factor of s and p.
4
Let r(p) be the third derivative of 0 - 13/24*p**4 + 0*p - p**2 - 17/3*p**3. Let o be r(-6). Calculate the greatest common factor of o and 11.
11
Let m be (4/15*5)/((-116970)/14625 - -8). Calculate the highest common divisor of m and 550.
50
Let b = 2556 + -2413. Calculate the highest common divisor of b and 8580.
143
Let j be 1 + 5 + (1 - 3). Let w = 1680 - 1672. Suppose -j*q = -0*q - w. Calculate the greatest common divisor of q and 4.
2
Let q = -239 - -647. Let u(b) = -7*b**3 - 206*b**2 - 92*b - 121. Let r be u(-29). Calculate the highest common factor of q and r.
24
Let p(r) = 80*r**2 + 4*r + 3. Let s be p(-2). Let b be 2/(-7) + 34553/763. Calculate the highest common factor of s and b.
45
Suppose r - 4*r = -156. Let t be -6*1/2*(-8)/12. Suppose t*y - 5*n - 812 = 0, 4*y - 3*n + 2092 = 9*y. What is the highest common divisor of r and y?
52
Suppose -2*l + 729 = -231. Let r(v) = 9*v**3 - v**2 + 6*v + 64. Let d be r(0). Calculate the highest common divisor of d and l.
32
Let v = -104 + 104. Let j(r) = -4*r + 18. Let t be j(v). Calculate the greatest common divisor of 18 and t.
18
Suppose q + z - 18 = -0*z, 0 = 4*q - 4*z - 40. Let o be (-1)/(2/q*2/(-2)). What is the greatest common divisor of o and 63?
7
Suppose 4*p - 8*p + 72 = 4*a, 70 = 5*a - 5*p. Suppose -33*n = -a*n - 1479. Calculate the highest common factor of 9 and n.
3
Suppose 5*b = -4*s + 85, 0*b + 57 = 3*s - 3*b. Let w be (2 + ((-58)/(-3) - 5))*3 + 1. Calculate the highest common divisor of w and s.
10
Let x(t) = -22570*t + 0*t**3 + 54 - t**3 + 20*t**2 + 22566*t. Let n be x(18). What is the highest common divisor of 70 and n?
70
Let z = -7519 + 7614. Calculate the greatest common factor of z and 988.
19
Suppose 17*l - 11*l = -28*l + 23936. What is the greatest common factor of 121 and l?
11
Suppose -372 = -36*n + 564. Calculate the highest common factor of n and 2119.
13
Suppose -10 = -3*d + d. Suppose 38 = d*b - 22. Suppose f = -o + 2 + 3, -2*o + b = 4*f. Calculate the greatest common divisor of o and 4.
4
Let x(m) = -2*m**3 + 115*m**2 + 210*m - 20. Let w be x(58). Calculate the greatest common divisor of w and 24.
12
Let j be 7*(3972/21 - (-13 - -17)). What is the greatest common factor of 720 and j?
144
Let r(c) = 84*c + 1144. Let a be r(-4). Calculate the greatest common factor of 101 and a.
101
Suppose 49728 = 31*o + 191*o. What is the greatest common factor of 1848 and o?
56
Suppose 14*o + 2*k = 74840, 2335 + 3007 = o + 2*k. Calculate the highest common factor of o and 44.
22
Suppose 216 = -106*f + 109*f. Let g be (f/12)/(6/(-28)). Let a be 3/(108/g + 4). Calculate the greatest common divisor of 7 and 